{"id":2,"date":"2025-11-10T13:55:10","date_gmt":"2025-11-10T13:55:10","guid":{"rendered":"https:\/\/spaccioitalia.com\/?page_id=2"},"modified":"2025-11-16T12:00:19","modified_gmt":"2025-11-16T11:00:19","slug":"home","status":"publish","type":"page","link":"https:\/\/spaccioitalia.com\/","title":{"rendered":"Spaccio Italia"},"content":{"rendered":"\t<div id=\"text-4101752479\" class=\"text\">\n\t\t\n<p>\u00a0<\/p>\n<p>\u00a0<\/p>\n<p>Il sito Spaccio Italia torner\u00e0 attivo il pi\u00f9 presto possibile con numerose novit\u00e0.<\/p>\n<p>\u00a0<\/p>\n<p>\u00a0<\/p>\n<p>\u00a0<\/p>\n<p style=\"text-align: center;\"><em>Siti partner:<\/em><\/p>\n<p style=\"text-align: center;\"><a href=\"https:\/\/finestconsult.be\/it\/\" target=\"_blank\" rel=\"noopener\">Finest Consult commercialista italiano a Bruxelles Belgio<\/a><\/p>\n<p>\u00a0<\/p>\n<p>\u00a0<\/p>\n<p>\u00a0<\/p>\n<p>\u00a0<\/p>\n<p>\u00a0<\/p>\n<p>\u00a0<\/p>\n<p>\u00a0<\/p>\n<p>\u00a0<\/p>\n<p>\u00a0<\/p>\n<p>\u00a0<\/p>\n<p>\u00a0<\/p>\n<p>\u00a0<\/p>\n<p>\u00a0<\/p>\n<p>\u00a0<\/p>\n<p>\u00a0<\/p>\n<p>\u00a0<\/p>\n<p>\u00a0<\/p>\n<p>\u00a0<\/p>\n\t\t\n<style>\n#text-4101752479 {\n  text-align: center;\n}\n<\/style>\n\t<\/div>\n\t\n","protected":false},"excerpt":{"rendered":"","protected":false},"author":1,"featured_media":0,"parent":0,"menu_order":0,"comment_status":"closed","ping_status":"closed","template":"","meta":{"footnotes":""},"class_list":["post-2","page","type-page","status-publish","hentry"],"_links":{"self":[{"href":"https:\/\/spaccioitalia.com\/wp-json\/wp\/v2\/pages\/2","targetHints":{"allow":["GET"]}}],"collection":[{"href":"https:\/\/spaccioitalia.com\/wp-json\/wp\/v2\/pages"}],"about":[{"href":"https:\/\/spaccioitalia.com\/wp-json\/wp\/v2\/types\/page"}],"author":[{"embeddable":true,"href":"https:\/\/spaccioitalia.com\/wp-json\/wp\/v2\/users\/1"}],"replies":[{"embeddable":true,"href":"https:\/\/spaccioitalia.com\/wp-json\/wp\/v2\/comments?post=2"}],"version-history":[{"count":3,"href":"https:\/\/spaccioitalia.com\/wp-json\/wp\/v2\/pages\/2\/revisions"}],"predecessor-version":[{"id":73,"href":"https:\/\/spaccioitalia.com\/wp-json\/wp\/v2\/pages\/2\/revisions\/73"}],"wp:attachment":[{"href":"https:\/\/spaccioitalia.com\/wp-json\/wp\/v2\/media?parent=2"}],"curies":[{"name":"wp","href":"https:\/\/api.w.org\/{rel}","templated":true}]}}